{"id":2046,"date":"2025-12-29T21:55:57","date_gmt":"2025-12-29T20:55:57","guid":{"rendered":"https:\/\/wintertagtraum.at\/?post_type=product&#038;p=2046"},"modified":"2025-12-29T22:00:39","modified_gmt":"2025-12-29T21:00:39","slug":"ooak-reds-shiny-tencel-mini-set-160g","status":"publish","type":"product","link":"https:\/\/wintertagtraum.at\/?product=ooak-reds-shiny-tencel-mini-set-160g","title":{"rendered":"&#8222;OOAK reds&#8220; Shiny Tencel Mini-Set (160g)"},"content":{"rendered":"<ul>\n<li>St\u00e4rke: Fingering<\/li>\n<li>Base: Shiny Tencel, 100% Tencel 400m\/100g<\/li>\n<li>&#8222;vegan friendly&#8220;<\/li>\n<\/ul>\n<p>Dieses Set besteht aus:<\/p>\n<ul>\n<li>4x 20g Mini Rot 1<\/li>\n<li>4x 20g Mini Rot 2<\/li>\n<\/ul>\n<p>du hast pro Farbe also 80g und kannst mit beiden zusammen ein sch\u00f6nes Schalprojekt oder \u00e4hnliches stricken. Die MInis sind beim F\u00e4rben der diesj\u00e4hrigen Kalender entstanden.<\/p>\n<p>Dieses Garn besteht aus 100% Tencel, ist\u00a0 &#8222;fab and shiny&#8220; und hat einen seidigen Glanz, jedoch ganz ohne Seidenanteil. F\u00fcr mich eine super Alternative wenns ein bisschen eleganter sein darf, mensch jedoch auf echte Seide verzichten m\u00f6chte.<\/p>\n<p>&nbsp;<\/p>\n<p>&nbsp;<\/p>\n","protected":false},"excerpt":{"rendered":"<p>St\u00e4rke: Fingering Base: Shiny Tencel, 100% Tencel 400m\/100g &#8222;vegan friendly&#8220; Dieses Set besteht aus: 4x 20g Mini Rot 1 4x 20g Mini Rot 2 du hast pro Farbe also 80g und kannst mit beiden zusammen ein sch\u00f6nes Schalprojekt oder \u00e4hnliches stricken. Die MInis sind beim F\u00e4rben der diesj\u00e4hrigen Kalender entstanden. Dieses Garn besteht aus 100% [&hellip;]<\/p>\n","protected":false},"featured_media":2047,"comment_status":"open","ping_status":"closed","template":"","meta":[],"product_brand":[],"product_cat":[17,73,34],"product_tag":[],"class_list":{"0":"post-2046","1":"product","2":"type-product","3":"status-publish","4":"has-post-thumbnail","6":"product_cat-fingering","7":"product_cat-shiny-tencel","8":"product_cat-vegan-friendly","10":"first","11":"instock","12":"shipping-taxable","13":"product-type-simple"},"_links":{"self":[{"href":"https:\/\/wintertagtraum.at\/index.php?rest_route=\/wp\/v2\/product\/2046","targetHints":{"allow":["GET"]}}],"collection":[{"href":"https:\/\/wintertagtraum.at\/index.php?rest_route=\/wp\/v2\/product"}],"about":[{"href":"https:\/\/wintertagtraum.at\/index.php?rest_route=\/wp\/v2\/types\/product"}],"replies":[{"embeddable":true,"href":"https:\/\/wintertagtraum.at\/index.php?rest_route=%2Fwp%2Fv2%2Fcomments&post=2046"}],"wp:featuredmedia":[{"embeddable":true,"href":"https:\/\/wintertagtraum.at\/index.php?rest_route=\/wp\/v2\/media\/2047"}],"wp:attachment":[{"href":"https:\/\/wintertagtraum.at\/index.php?rest_route=%2Fwp%2Fv2%2Fmedia&parent=2046"}],"wp:term":[{"taxonomy":"product_brand","embeddable":true,"href":"https:\/\/wintertagtraum.at\/index.php?rest_route=%2Fwp%2Fv2%2Fproduct_brand&post=2046"},{"taxonomy":"product_cat","embeddable":true,"href":"https:\/\/wintertagtraum.at\/index.php?rest_route=%2Fwp%2Fv2%2Fproduct_cat&post=2046"},{"taxonomy":"product_tag","embeddable":true,"href":"https:\/\/wintertagtraum.at\/index.php?rest_route=%2Fwp%2Fv2%2Fproduct_tag&post=2046"}],"curies":[{"name":"wp","href":"https:\/\/api.w.org\/{rel}","templated":true}]}}