{"id":1891,"date":"2025-06-01T12:52:53","date_gmt":"2025-06-01T10:52:53","guid":{"rendered":"https:\/\/wintertagtraum.at\/?post_type=product&#038;p=1891"},"modified":"2025-12-29T21:40:17","modified_gmt":"2025-12-29T20:40:17","slug":"kruppstahl-baby-softsock-pride25-preorder-2","status":"publish","type":"product","link":"https:\/\/wintertagtraum.at\/?product=kruppstahl-baby-softsock-pride25-preorder-2","title":{"rendered":"&#8222;Rainbow on the Horizon&#8220; Softsock (PRIDE*25 PREORDER)"},"content":{"rendered":"<ul>\n<li>St\u00e4rke: Fingering<\/li>\n<li>Base: Softsock (80% Merino \/ 20% Poly), 365m\/100g, superwash<\/li>\n<\/ul>\n<p>Die Soft Sock ist ein weiches Allroundgarn, dass nicht nur bei Socken toll zur Geltung kommt, sondern auch weich und flauschig f\u00fcr T\u00fccher und Schals und durch die enge Verzwirnung dennoch auch bei Kleidungsst\u00fccken eine tolle Stabilit\u00e4t bietet.<\/p>\n<p>Dieses Jahr sind die PRIDE*25 F\u00e4rbungen inspiriert von den queeren Garnf\u00e4rber*innen, mit denen ich den FAGVENT Kalender letztes Jahr gestalten durfte. Dies ist eine Ausnahme, denn ich wollte auch eine F\u00e4rbung dabei haben, die Regenbogen beinhaltet aber eher als Streifen am Horizont und so kleines Highlight in deinen Projekten. Die Farben ergeben sich aus den Pigmenten von Grundfarben die \u00fcbereinander liegen und sich so neu mischen.<\/p>\n<p>Die PRIDE*25 F\u00e4rbungen sind Vorbestellungen, da ich noch im Praktikum bin und erst danach wieder f\u00e4rben kann. Deswegen sind die F\u00e4rbungen nicht ab 1. Juni verf\u00fcgbar und du musst ein bisschen Geduld haben. Aber ich bin ja auch das ganze Jahr \u00fcber queer und nicht nur im Juni also m\u00fcssen die F\u00e4rbungen auch nicht auf Krampf mit dem Monat verwachsen sein.<\/p>\n<p>Danke, dass du mich als queere Handf\u00e4rberin unterst\u00fctzt und schau gerne auch bei den Personen vorbei, die nicht nur Vorlage f\u00fcr diese F\u00e4rbungen waren, sondern einfach tolle Menschen sind und ausnahmslos gut f\u00e4rben. Falls also bei mir nichts f\u00fcr dich dabei ist &#8211; vielleicht passts bei einem der &#8222;Queerdos&#8220; \ud83d\ude09<\/p>\n<p>Pro Strang geht ein Euro an ein queeres Charity Projekt.<\/p>\n<p>P.S. Wenn du sagst, ich w\u00fcrd ja gerne aber nicht auf der Base. Dann schreib mir gerne eine Nachricht an nora@wintertagtraum.at und wir finden sicher eine L\u00f6sung. Ich musste dieses Jahr FH bedingt einfach alles so simpel wie m\u00f6glich halten und deswegen gibts standardm\u00e4\u00dfig nur eine Base zur Auswahl \ud83d\ude09<\/p>\n<p>***<\/p>\n<p data-start=\"181\" data-end=\"424\"><em data-start=\"185\" data-end=\"196\">Soft Sock<\/em> is a wonderfully soft, versatile yarn that shines not only in socks but also adds a cozy, fluffy touch to shawls and scarves. Thanks to its high twist, it also offers excellent stability, making it a great choice for garments.<\/p>\n<p data-start=\"426\" data-end=\"580\">This year\u2019s <strong data-start=\"438\" data-end=\"460\">PRIDE*25 colorways<\/strong> are inspired by the amazing queer indie dyers I had the pleasure of collaborating with on last year&#8217;s FAGVENT calendar.<\/p>\n<p data-start=\"582\" data-end=\"930\">Please note: The PRIDE*25 colorways are <strong data-start=\"622\" data-end=\"654\">available for pre-order only<\/strong>, as I\u2019m currently in the middle of my internship and won\u2019t be able to dye until it\u2019s completed. That means these colorways won\u2019t be ready by June 1st \u2014 thank you for your patience! But queerness isn\u2019t just for June, so these shades don\u2019t need to be bound to one month either.<\/p>\n<p data-start=\"932\" data-end=\"1222\">Thank you for supporting me as a queer indie dyer! Be sure to also check out the incredible people who inspired these colors \u2014 they\u2019re not only wonderful humans but also exceptionally talented dyers. If nothing here quite speaks to you, maybe one of the \u201cQueerdos\u201d has just the right skein.<\/p>\n<p data-start=\"932\" data-end=\"1222\">One euro per skein will get donated to a queer charity project.<\/p>\n<p data-start=\"1224\" data-end=\"1543\"><strong data-start=\"1224\" data-end=\"1232\">P.S.<\/strong> Want one of these colorways but not on the Soft Sock base? No problem! Just send me an email at <a class=\"cursor-pointer\" rel=\"noopener\" data-start=\"1329\" data-end=\"1384\">nora@wintertagtraum.at<\/a> and we\u2019ll work something out. I had to keep things simple this year due to university commitments, which is why there\u2019s only one base available by default. \ud83d\ude0a<\/p>\n","protected":false},"excerpt":{"rendered":"<p>St\u00e4rke: Fingering Base: Softsock (80% Merino \/ 20% Poly), 365m\/100g, superwash Die Soft Sock ist ein weiches Allroundgarn, dass nicht nur bei Socken toll zur Geltung kommt, sondern auch weich und flauschig f\u00fcr T\u00fccher und Schals und durch die enge Verzwirnung dennoch auch bei Kleidungsst\u00fccken eine tolle Stabilit\u00e4t bietet. Dieses Jahr sind die PRIDE*25 F\u00e4rbungen [&hellip;]<\/p>\n","protected":false},"featured_media":1892,"comment_status":"open","ping_status":"closed","template":"","meta":[],"product_brand":[],"product_cat":[17,84,52,29],"product_tag":[],"class_list":{"0":"post-1891","1":"product","2":"type-product","3":"status-publish","4":"has-post-thumbnail","6":"product_cat-fingering","7":"product_cat-pride25","8":"product_cat-queer-collection","9":"product_cat-softsock","11":"first","12":"outofstock","13":"featured","14":"shipping-taxable","15":"product-type-simple"},"_links":{"self":[{"href":"https:\/\/wintertagtraum.at\/index.php?rest_route=\/wp\/v2\/product\/1891","targetHints":{"allow":["GET"]}}],"collection":[{"href":"https:\/\/wintertagtraum.at\/index.php?rest_route=\/wp\/v2\/product"}],"about":[{"href":"https:\/\/wintertagtraum.at\/index.php?rest_route=\/wp\/v2\/types\/product"}],"replies":[{"embeddable":true,"href":"https:\/\/wintertagtraum.at\/index.php?rest_route=%2Fwp%2Fv2%2Fcomments&post=1891"}],"wp:featuredmedia":[{"embeddable":true,"href":"https:\/\/wintertagtraum.at\/index.php?rest_route=\/wp\/v2\/media\/1892"}],"wp:attachment":[{"href":"https:\/\/wintertagtraum.at\/index.php?rest_route=%2Fwp%2Fv2%2Fmedia&parent=1891"}],"wp:term":[{"taxonomy":"product_brand","embeddable":true,"href":"https:\/\/wintertagtraum.at\/index.php?rest_route=%2Fwp%2Fv2%2Fproduct_brand&post=1891"},{"taxonomy":"product_cat","embeddable":true,"href":"https:\/\/wintertagtraum.at\/index.php?rest_route=%2Fwp%2Fv2%2Fproduct_cat&post=1891"},{"taxonomy":"product_tag","embeddable":true,"href":"https:\/\/wintertagtraum.at\/index.php?rest_route=%2Fwp%2Fv2%2Fproduct_tag&post=1891"}],"curies":[{"name":"wp","href":"https:\/\/api.w.org\/{rel}","templated":true}]}}

<ul>
<li>Stärke: Fingering</li>
<li>Base: Softsock (80% Merino / 20% Poly), 365m/100g, superwash</li>
</ul>
<p>Die Soft Sock ist ein weiches Allroundgarn, dass nicht nur bei Socken toll zur Geltung kommt, sondern auch weich und flauschig für Tücher und Schals und durch die enge Verzwirnung dennoch auch bei Kleidungsstücken eine tolle Stabilität bietet.</p>
<p>Dieses Jahr sind die PRIDE*25 Färbungen inspiriert von den queeren Garnfärber*innen, mit denen ich den FAGVENT Kalender letztes Jahr gestalten durfte. Dies ist eine Ausnahme, denn ich wollte auch eine Färbung dabei haben, die Regenbogen beinhaltet aber eher als Streifen am Horizont und so kleines Highlight in deinen Projekten. Die Farben ergeben sich aus den Pigmenten von Grundfarben die übereinander liegen und sich so neu mischen.</p>
<p>Die PRIDE*25 Färbungen sind Vorbestellungen, da ich noch im Praktikum bin und erst danach wieder färben kann. Deswegen sind die Färbungen nicht ab 1. Juni verfügbar und du musst ein bisschen Geduld haben. Aber ich bin ja auch das ganze Jahr über queer und nicht nur im Juni also müssen die Färbungen auch nicht auf Krampf mit dem Monat verwachsen sein.</p>
<p>Danke, dass du mich als queere Handfärberin unterstützt und schau gerne auch bei den Personen vorbei, die nicht nur Vorlage für diese Färbungen waren, sondern einfach tolle Menschen sind und ausnahmslos gut färben. Falls also bei mir nichts für dich dabei ist &#8211; vielleicht passts bei einem der &#8222;Queerdos&#8220; 😉</p>
<p>Pro Strang geht ein Euro an ein queeres Charity Projekt.</p>
<p>P.S. Wenn du sagst, ich würd ja gerne aber nicht auf der Base. Dann schreib mir gerne eine Nachricht an nora@wintertagtraum.at und wir finden sicher eine Lösung. Ich musste dieses Jahr FH bedingt einfach alles so simpel wie möglich halten und deswegen gibts standardmäßig nur eine Base zur Auswahl 😉</p>
<p>***</p>
<p data-start="181" data-end="424"><em data-start="185" data-end="196">Soft Sock</em> is a wonderfully soft, versatile yarn that shines not only in socks but also adds a cozy, fluffy touch to shawls and scarves. Thanks to its high twist, it also offers excellent stability, making it a great choice for garments.</p>
<p data-start="426" data-end="580">This year’s <strong data-start="438" data-end="460">PRIDE*25 colorways</strong> are inspired by the amazing queer indie dyers I had the pleasure of collaborating with on last year&#8217;s FAGVENT calendar.</p>
<p data-start="582" data-end="930">Please note: The PRIDE*25 colorways are <strong data-start="622" data-end="654">available for pre-order only</strong>, as I’m currently in the middle of my internship and won’t be able to dye until it’s completed. That means these colorways won’t be ready by June 1st — thank you for your patience! But queerness isn’t just for June, so these shades don’t need to be bound to one month either.</p>
<p data-start="932" data-end="1222">Thank you for supporting me as a queer indie dyer! Be sure to also check out the incredible people who inspired these colors — they’re not only wonderful humans but also exceptionally talented dyers. If nothing here quite speaks to you, maybe one of the “Queerdos” has just the right skein.</p>
<p data-start="932" data-end="1222">One euro per skein will get donated to a queer charity project.</p>
<p data-start="1224" data-end="1543"><strong data-start="1224" data-end="1232">P.S.</strong> Want one of these colorways but not on the Soft Sock base? No problem! Just send me an email at <a class="cursor-pointer" rel="noopener" data-start="1329" data-end="1384">nora@wintertagtraum.at</a> and we’ll work something out. I had to keep things simple this year due to university commitments, which is why there’s only one base available by default. 😊</p>

<p>Stärke: Fingering Base: Softsock (80% Merino / 20% Poly), 365m/100g, superwash Die Soft Sock ist ein weiches Allroundgarn, dass nicht nur bei Socken toll zur Geltung kommt, sondern auch weich und flauschig für Tücher und Schals und durch die enge Verzwirnung dennoch auch bei Kleidungsstücken eine tolle Stabilität bietet. Dieses Jahr sind die PRIDE*25 Färbungen [&hellip;]</p>
